). Let c = 407 - n. What are the prime factors of c?
283
List the prime factors of (4651*(-36)/24)/((-3)/6).
3, 4651
Let k(d) = -d**3 + 19*d**2 + d + 11. Suppose -247 = -9*h - 4*h. List the prime factors of k(h).
2, 3, 5
Let l(d) = d**3 - 6*d**2 - 8*d + 5. Let k be l(5). Let o = k - -64. Suppose -2*v + i = -256, 0 = o*v + i - 553 + 53. List the prime factors of v.
2, 3, 7
Suppose 3*a + 5*d = 2032, -419 = -4*a - 5*d + 2287. Suppose f + 2 - a = n, -2*f + 3*n + 1339 = 0. List the prime factors of f.
677
Let c(g) = g + 7. Let s be 1*(-5 + 3 + -9). Let w be c(s). What are the prime factors of -3*(-3 + -3 + w/12)?
19
Let y(q) = 19*q**3 + 3*q**2 + 81*q - 504. What are the prime factors of y(10)?
2, 9803
Suppose -2*z - 2*o = -10, -z - 3 - 2 = -4*o. Let s be (-6)/((-2)/z - 385/(-555)). Let d = 326 + s. What are the prime factors of d?
2, 13
Let c be (530/50 + -11)/((-1)/(-1775)). Let k = c + 1268. What are the prime factors of k?
2, 3, 31
Suppose 31*i + 13*i = 1496. List the prime factors of 0/3 + i/(-2)*-52.
2, 13, 17
Let t be 15*(1/(-3))/(10/(-24)). Let s be (-118)/8 + (-3)/t. What are the prime factors of (-14 - s)*(1 + 10)?
11
Suppose 0 = -14*p + 10*p + 12. Suppose -20*j = -p*j - 10319. What are the prime factors of j?
607
Suppose -4*t - 4*a - 262 + 1554 = 0, -5*a + 343 = t. Suppose 470 + t = 4*j. List the prime factors of j.
197
Suppose 3*w = -5*j + 2*w + 6, 4*j = 2*w + 16. Suppose 0 = -v + j*v - 6. Suppose -v*t + 260 = -298. List the prime factors of t.
3, 31
Let u(z) = z**3 - 3*z**2 - 6*z + 5. Let s be u(3). Let c = -15 - s. What are the prime factors of c/(-3) - 2765/(-15)?
5, 37
Suppose -11*b + 9*b = -4. Suppose 0 = b*v - 290 + 798. Let o = v - -406. List the prime factors of o.
2, 19
Suppose 1496 = -k + 4*l, -51*l + 53*l = -6. Let r = -537 - k. List the prime factors of r.
971
Suppose 4*z + 8 = -4. Let t(i) be the third derivative of 3*i**5/10 + i**4/6 + i**3/6 + 2*i**2 + 254*i. What are the prime factors of t(z)?
151
Suppose 0 = -43*g + 87*g - 26752. List the prime factors of g.
2, 19
What are the prime factors of (-859232)/(-660) - ((-2)/15 + 0)?
2, 3, 7, 31
Let i be -8*1/2 - -42. Let l = -37 + i. List the prime factors of 980/10 + (l - 0).
3, 11
Suppose -18488 = -23*i + 20*i - m, -2*i + 12327 = m. List the prime factors of i.
61, 101
Let x be (-2)/(2*(-3 - -2)). Let j be 0/(-8) + (x - -2). Suppose 0*h - 74 = -a - 2*h, j*a = -h + 202. What are the prime factors of a?
2, 3, 11
Let a = -11 + 126. Suppose -32*s = -31*s - a. Suppose 6*w + s - 457 = 0. List the prime factors of w.
3, 19
Let b(c) = 12*c + 54. Let v be b(-54). Let r = 40 - v. What are the prime factors of r?
2, 317
Suppose -u - 4 = i, 4*u - 2*u = -i - 7. Let b be -2 - (-244 + i) - (-6)/2. Suppose 3*j + 330 = 4*c - 2*j, 3*c = 3*j + b. List the prime factors of c.
2, 5
Let n(s) = 12*s - 15. Let c = -107 + 110. What are the prime factors of n(c)?
3, 7
Let b(x) = -39*x**3 + 13*x**2 + 35*x - 63. What are the prime factors of b(-6)?
3, 13, 17
Suppose -4*r - r - 25 = -2*w, -r - 5 = 4*w. Suppose -4*z = 12 - w. What are the prime factors of (1 + 40)/(-2 - z)?
41
Suppose -k + 985 = 3*y - 67, 5*k - y - 5276 = 0. What are the prime factors of k?
5, 211
Let d(h) = -26*h**3 + 2*h**2 + 2*h - 3. Let b be d(2). Let z = b + 222. List the prime factors of z.
23
Let q = 38 + -34. Suppose 5*h - q*s - 4 = -6*s, -3*s = -3*h - 6. Suppose -2*x + 484 = 4*r, h = 2*r - 7*r - 3*x + 603. What are the prime factors of r?
3, 41
Suppose -1287 = 2*g - 35*g. Suppose g*p - 23727 - 13401 = 0. What are the prime factors of p?
2, 7, 17
Let b be 93/(-62)*(-40)/6. Let g be (-7110)/(-75) - (-1 + 8/b). Suppose 0*q = -q + f + g, -185 = -2*q + f. List the prime factors of q.
2, 3, 5
Let n be 12/(-8)*1/(3/(-4)). Suppose 8*i = 9*i + n*x - 1135, 0 = -2*i - 2*x + 2274. List the prime factors of i.
17, 67
Suppose -910 + 184 = 11*c. Let k = 184 - c. List the prime factors of k.
2, 5
Let v be ((-40)/12)/((-1)/(-3)). Let w be 3/5 + 14/10. What are the prime factors of w*((-1676)/(-40) + 4/v)?
83
Suppose f - 6 + 1 = 0. Suppose -p = -5*u - 556, 0 = 4*p - 6*p + f*u + 1137. What are the prime factors of p?
7, 83
Let s(l) = -4*l**3 - 3*l**2 + 6*l - 7. Let f be s(2). Let b = f - -35. List the prime factors of b + 62*(-4)/(-8).
3
Let n be 22 + -25 + 12 - 30/2. Let m(y) = 4*y**2 - 1. Let d be m(1). List the prime factors of d - -106*(-3)/n.
2, 7
Let r = -27 - -65. Let f = 42 - r. Suppose 3*k + 61 = 2*w + f*k, -3*w = -2*k - 81. What are the prime factors of w?
29
Suppose 462 = 2*g + 4*k, 2*g + k - 5*k - 486 = 0. Suppose -4*u + g = -0*y - 3*y, -y = -1. Let z = u + -8. List the prime factors of z.
2, 13
Suppose 18567 + 19359 = 5*u - 2*f, 4*u = 2*f + 30340. Suppose -5 = 5*h, 0 = -5*g + 4*h - 922 + u. List the prime factors of g.
2, 3, 37
What are the prime factors of (-5)/(-40) + (-2996805)/(-280)?
7, 11, 139
Let j(v) = 20*v**2 + 30*v + 689. What are the prime factors of j(-16)?
73
Let v = -3327 + 20783. What are the prime factors of v?
2, 1091
Let j(y) = 4*y**2 - 4*y + 190. Let d be j(0). Suppose -230 - d = -2*f. List the prime factors of f.
2, 3, 5, 7
Let l(u) = -2*u**3 + 44*u**2 + 95*u + 47. Let o(k) = k**3 - 22*k**2 - 47*k - 23. Let j(t) = -3*l(t) - 7*o(t). What are the prime factors of j(23)?
503
Let v(c) = -c**3 + 42*c**2 + 18. Let a be v(42). Suppose -a*z + 5*z = -16991. List the prime factors of z.
1307
Let n(b) = b**3 + 8*b**2 - 10*b. Let m(d) = d**2 + 9*d + 8. Let q be m(-8). Suppose q*f + 7 = -f. What are the prime factors of n(f)?
7, 17
Suppose 0 = -3*u + u + 6. Suppose 10 = u*h - 20. Suppose h*k - 5*k - 620 = 0. What are the prime factors of k?
2, 31
Let w be 9/3 + (-63 - 2) + -3. Let y = w + 190. What are the prime factors of y?
5
Let w be 1590/(-90)*39*1*-1. Let x = -333 + w. List the prime factors of x.
2, 89
Let q be 5/2 - (8 + (-45)/6). Suppose 7*y - 4*y = q*s - 1536, 2319 = 3*s + 3*y. What are the prime factors of s?
3, 257
Let d = 2008 + -31. What are the prime factors of d?
3, 659
Let g(z) = -z + 3. Let t be g(3). Let r be 2 + t/2 + 0. Suppose -r*i + 2*l = -39 - 13, i + l - 30 = 0. List the prime factors of i.
2, 7
Let u(j) = -3*j**2 - 22*j - 9. Let y be u(-6). Suppose 4*s + y = 9*s. Suppose s*i = 5*c + 424, i - 2*c = 228 - 88. List the prime factors of i.
2, 37
Suppose -5*b + 5*l + 273430 = 0, 47*b - 50*b + 5*l + 164074 = 0. List the prime factors of b.
2, 3, 13, 701
Let b be 11/((-66)/(-36)) - 4. Suppose -3*u - b*d = -521, -2*u + 4*d + 349 = 5*d. What are the prime factors of u?
3, 59
Let i = -8941 - -23122. List the prime factors of i.
3, 29, 163
Let i(s) be the second derivative of -s**3/2 - 4*s**2 - 17*s. Let q be i(-9). Suppose 23*h - q*h - 112 = 0. What are the prime factors of h?
2, 7
Let h = 63 - 63. What are the prime factors of h - 6/(-14) - 1296/(-14)?
3, 31
Let t(d) = d. Let f(n) = -n**2 + n - 13. Let r(o) = -f(o) + 2*t(o). Let m(i) = i**2 + 125*i - 2583. Let v be m(18). What are the prime factors of r(v)?
5, 17
Let i = 20497 + -8143. What are the prime factors of i?
2, 3, 29, 71
Let o(w) = 17*w**2 - 3*w + 8. Let u be o(2). Let r = u - 61. Suppose r*j - 511 = 695. List the prime factors of j.
2, 67
Let n(v) = -154*v - 830. What are the prime factors of n(-18)?
2, 971
Let f(o) = 9890*o + 282. List the prime factors of f(3).
2, 3, 13
Let l(z) = z**2 + 5*z + 8. Let p be l(-4). Let k(c) = c - 2. Let y be k(p). Suppose 0 = -0*d - y*d + 40. List the prime factors of d.
2, 5
Suppose -j + 224 = -4*j + b, 4*b = 20. Let x = 77 + j. Suppose -x*d + d = -594. List the prime factors of d.
2, 3, 11
Let t = 13352 + -7130. List the prime factors of t.
2, 3, 17, 61
Let h = -17098 - -29322. What are the prime factors of h?
2, 191
Let s = 0 + 10. Let v = s - 6. Suppose -276 = 2*p - v*p - 3*a, -2*a + 278 = 2*p. List the prime factors of p.
3, 47
Let s = 1920 + 1967. What are the prime factors of s?
13, 23
Let z(q) be the first derivative of -q**4/4 + 15*q**2/2 - 4*q - 32. What are the prime factors of z(-7)?
2, 3, 13
Let n(s) = -7*s**2 - 13*s - 10. Let d(a) = 4*a**2 + 7*a + 5. Let z be 2 + -1 - 76/19. Let p(w) = z*n(w) - 5*d(w). List the prime factors of p(-5).
2, 5
Let q(l) = -l**2 + 8*l - 16. Let t(g) = -1. Let o(h) = -q(h) + 5*t(h). Suppose -p + z = -9, -29*z + 27*z = -3*p + 27. What are the prime factors of o(p)?
2, 5
Let 